 and 60?
12
Calculate the highest common factor of 270 and 27.
27
What is the greatest common factor of 210 and 3810?
30
What is the highest common divisor of 2775 and 50?
25
What is the greatest common divisor of 9 and 1?
1
Calculate the greatest common divisor of 189 and 3024.
189
Calculate the greatest common divisor of 315 and 1995.
105
Calculate the greatest common divisor of 58440 and 240.
120
Calculate the highest common factor of 11328 and 177.
177
Calculate the highest common factor of 168 and 924.
84
What is the greatest common divisor of 2071 and 436?
109
Calculate the highest common divisor of 1216 and 19.
19
What is the greatest common divisor of 104 and 91?
13
Calculate the greatest common factor of 21 and 231.
21
Calculate the greatest common divisor of 56 and 182.
14
What is the greatest common factor of 36 and 36?
36
What is the greatest common divisor of 720 and 135?
45
Calculate the greatest common divisor of 170 and 374.
34
What is the highest common divisor of 72 and 528?
24
Calculate the greatest common factor of 8838 and 36.
18
Calculate the greatest common factor of 2 and 1874.
2
What is the greatest common factor of 2201 and 31?
31
Calculate the highest common factor of 6426 and 162.
54
Calculate the greatest common divisor of 2808 and 96.
24
Calculate the highest common factor of 1680 and 300.
60
What is the greatest common factor of 38 and 2014?
38
Calculate the greatest common factor of 29 and 3683.
29
What is the greatest common factor of 7 and 27139?
7
What is the highest common divisor of 17 and 561?
17
Calculate the highest common factor of 7531 and 17.
17
Calculate the highest common factor of 40 and 1340.
20
What is the highest common divisor of 408 and 102?
102
What is the greatest common divisor of 77 and 35?
7
Calculate the greatest common divisor of 1710 and 76.
38
Calculate the highest common factor of 10244 and 26.
26
What is the greatest common factor of 132 and 116292?
132
Calculate the highest common factor of 15 and 3645.
15
What is the greatest common divisor of 440 and 132?
44
What is the highest common divisor of 28 and 36?
4
Calculate the highest common factor of 53 and 2.
1
Calculate the greatest common factor of 76 and 7486.
38
What is the highest common divisor of 3584 and 56?
56
Calculate the greatest common divisor of 9589 and 43.
43
What is the highest common factor of 4032 and 144?
144
What is the highest common factor of 11832 and 261?
87
What is the greatest common factor of 2760 and 92?
92
Calculate the greatest common divisor of 1049 and 2.
1
Calculate the highest common factor of 54 and 1728.
54
Calculate the highest common divisor of 28 and 63.
7
Calculate the highest common divisor of 63 and 343.
7
What is the greatest common divisor of 165 and 180?
15
Calculate the greatest common factor of 1017 and 18.
9
What is the highest common divisor of 168 and 63?
21
Calculate the greatest common factor of 621 and 27.
27
Calculate the highest common factor of 26 and 125008.
26
What is the highest common divisor of 2895 and 15?
15
Calculate the greatest common factor of 104 and 154.
2
What is the greatest common factor of 2413 and 19?
19
Calculate the greatest common factor of 374 and 4774.
22
Calculate the greatest common factor of 210 and 270.
30
Calculate the highest common divisor of 1507 and 11.
11
Calculate the highest common divisor of 8 and 1684.
4
Calculate the greatest common factor of 90 and 126.
18
What is the greatest common divisor of 2975 and 476?
119
What is the greatest common factor of 4960 and 186?
62
Calculate the greatest common divisor of 153 and 11373.
51
Calculate the highest common divisor of 60 and 140.
20
Calculate the highest common divisor of 7670 and 2340.
130
Calculate the greatest common divisor of 1612 and 12.
4
Calculate the highest common divisor of 67 and 57084.
67
What is the greatest common divisor of 120 and 280?
40
Calculate the highest common divisor of 330 and 3190.
110
What is the greatest common divisor of 65 and 25?
5
Calculate the highest common factor of 18 and 6174.
18
Calculate the greatest common divisor of 20 and 1600.
20
What is the highest common divisor of 391 and 578?
17
What is the greatest common divisor of 630 and 6?
6
What is the greatest common divisor of 26852 and 294?
98
Calculate the greatest common divisor of 78 and 1662.
6
Calculate the highest common divisor of 423 and 3525.
141
What is the highest common factor of 44 and 1474?
22
Calculate the highest common factor of 12 and 318.
6
Calculate the greatest common divisor of 442 and 169.
13
What is the highest common divisor of 780 and 240?
60
Calculate the greatest common divisor of 3680 and 160.
160
What is the highest common divisor of 26 and 1742?
26
What is the highest common factor of 186 and 18?
6
Calculate the greatest common factor of 138 and 2300.
46
What is the highest common factor of 28 and 91?
7
Calculate the highest common divisor of 1185 and 195.
15
What is the highest common factor of 76 and 19?
19
Calculate the greatest common factor of 183 and 3050.
61
Calculate the highest common divisor of 129 and 16297.
43
Calculate the greatest common divisor of 86 and 25198.
86
Calculate the greatest common factor of 96 and 2244.
12
What is the highest common divisor of 175 and 50?
25
What is the greatest common divisor of 775 and 186?
31
What is the highest common divisor of 44 and 4686?
22
What is the highest common factor of 1661 and 302?
151
Calculate the greatest common divisor of 473 and 43.
43
Calculate the highest common divisor of 4512 and 18.
6
Calculate the highest common factor of 152 and 342.
38
Calculate the highest common factor of 36 and 9306.
18
Calculate the highest common factor of 190 and 4655.
95
What is the highest common divisor of 22 and 63030?
22
What is the greatest common factor of 71 and 2201?
71
Calculate the greatest common factor of 7 and 112.
7
Calculate the highest common factor of 126 and 56.
14
What is the highest common factor of 1038 and 6?
6
Calculate the highest common divisor of 2 and 13.
1
Calculate the greatest common factor of 9 and 15993.
9
What is the highest common divisor of 15466 and 111?
37
Calculate the greatest common divisor of 12 and 1352.
4
Calculate the greatest common factor of 241 and 241.
241
What is the greatest common divisor of 19 and 361?
19
Calculate the greatest common divisor of 207 and 45.
9
What is the greatest common divisor of 1536 and 208?
16
Calculate the greatest common divisor of 77 and 13761.
11
Calculate the greatest common divisor of 724 and 8.
4
Calculate the highest common divisor of 1092 and 12.
12
Calculate the greatest common divisor of 29 and 1363.
29
What is the greatest common divisor of 246 and 24?
6
What is the greatest common factor of 210 and 225?
15
Calculate the greatest common factor of 62 and 10819.
31
What is the highest common divisor of 44 and 121?
11
Calculate the highest common divisor of 90 and 40.
10
Calculate the greatest common factor of 27 and 2187.
27
Calculate the highest common factor of 9776 and 141.
47
What is the highest common divisor of 1416 and 4?
4
What is the greatest common divisor of 4 and 38?
2
What is the greatest common divisor of 400 and 50?
50
Calculate the highest common factor of 10352 and 64.
16
Calculate the highest common factor of 888 and 24.
24
Calculate the greatest common factor of 126 and 210.
42
Calculate the greatest common factor of 2 and 74.
2
Calculate the highest common factor of 126 and 224.
14
Calculate the highest common divisor of 3432 and 3828.
132
Calculate the highest common divisor of 713 and 93.
31
What is the greatest common factor of 45 and 195?
15
What is the greatest common divisor of 5915 and 1105?
65
What is the greatest common factor of 965 and 193?
193
Calculate the highest common factor of 76 and 8.
4
What is the highest common factor of 7 and 159?
1
What is the greatest common divisor of 36 and 9?
9
What is the greatest common factor of 25 and 995?
5
Calculate the highest common divisor of 45 and 125.
5
What is the highest common divisor of 1218 and 28?
14
Calculate the greatest common divisor of 75 and 930.
15
What is the highest common divisor of 528 and 1760?
176
What is the highest common divisor of 4 and 273?
1